{"id":1877,"date":"2026-04-26T23:47:08","date_gmt":"2026-04-26T20:47:08","guid":{"rendered":"https:\/\/seraphome.com\/?post_type=product&#038;p=1877"},"modified":"2026-05-02T23:24:42","modified_gmt":"2026-05-02T20:24:42","slug":"kolye-kupe-seti","status":"publish","type":"product","link":"https:\/\/seraphome.com\/?product=kolye-kupe-seti","title":{"rendered":"KOLYE K\u00dcPE SET\u0130"},"content":{"rendered":"<p>EL \u0130\u015eC\u0130L\u0130\u011e\u0130 KOLYE K\u00dcPE SET\u0130<\/p>\n","protected":false},"excerpt":{"rendered":"<p><img loading=\"lazy\" decoding=\"async\" class=\"alignnone size-medium wp-image-1875\" src=\"http:\/\/seraphome.com\/wp-content\/uploads\/2026\/04\/WhatsApp-Image-2026-04-26-at-23.38.41-263x300.jpeg\" alt=\"\" width=\"263\" height=\"300\" srcset=\"https:\/\/seraphome.com\/wp-content\/uploads\/2026\/04\/WhatsApp-Image-2026-04-26-at-23.38.41-263x300.jpeg 263w, https:\/\/seraphome.com\/wp-content\/uploads\/2026\/04\/WhatsApp-Image-2026-04-26-at-23.38.41-897x1024.jpeg 897w, https:\/\/seraphome.com\/wp-content\/uploads\/2026\/04\/WhatsApp-Image-2026-04-26-at-23.38.41-768x876.jpeg 768w, https:\/\/seraphome.com\/wp-content\/uploads\/2026\/04\/WhatsApp-Image-2026-04-26-at-23.38.41-465x531.jpeg 465w, https:\/\/seraphome.com\/wp-content\/uploads\/2026\/04\/WhatsApp-Image-2026-04-26-at-23.38.41-438x500.jpeg 438w, https:\/\/seraphome.com\/wp-content\/uploads\/2026\/04\/WhatsApp-Image-2026-04-26-at-23.38.41-800x913.jpeg 800w, https:\/\/seraphome.com\/wp-content\/uploads\/2026\/04\/WhatsApp-Image-2026-04-26-at-23.38.41.jpeg 1284w\" sizes=\"auto, (max-width: 263px) 100vw, 263px\" \/><span class=\"more-link\"><a href=\"https:\/\/seraphome.com\/?product=kolye-kupe-seti\">Continue Reading<\/a><\/span><\/p>\n","protected":false},"featured_media":1875,"comment_status":"open","ping_status":"closed","template":"","meta":[],"product_brand":[],"product_cat":[15],"product_tag":[],"class_list":{"0":"entry","1":"author-seraphome","2":"has-excerpt","3":"post-1877","4":"product","5":"type-product","6":"status-publish","7":"has-post-thumbnail","8":"product_cat-genel-kategori","10":"first","11":"instock","12":"sale","13":"shipping-taxable","14":"purchasable","15":"product-type-simple"},"_links":{"self":[{"href":"https:\/\/seraphome.com\/index.php?rest_route=\/wp\/v2\/product\/1877","targetHints":{"allow":["GET"]}}],"collection":[{"href":"https:\/\/seraphome.com\/index.php?rest_route=\/wp\/v2\/product"}],"about":[{"href":"https:\/\/seraphome.com\/index.php?rest_route=\/wp\/v2\/types\/product"}],"replies":[{"embeddable":true,"href":"https:\/\/seraphome.com\/index.php?rest_route=%2Fwp%2Fv2%2Fcomments&post=1877"}],"wp:featuredmedia":[{"embeddable":true,"href":"https:\/\/seraphome.com\/index.php?rest_route=\/wp\/v2\/media\/1875"}],"wp:attachment":[{"href":"https:\/\/seraphome.com\/index.php?rest_route=%2Fwp%2Fv2%2Fmedia&parent=1877"}],"wp:term":[{"taxonomy":"product_brand","embeddable":true,"href":"https:\/\/seraphome.com\/index.php?rest_route=%2Fwp%2Fv2%2Fproduct_brand&post=1877"},{"taxonomy":"product_cat","embeddable":true,"href":"https:\/\/seraphome.com\/index.php?rest_route=%2Fwp%2Fv2%2Fproduct_cat&post=1877"},{"taxonomy":"product_tag","embeddable":true,"href":"https:\/\/seraphome.com\/index.php?rest_route=%2Fwp%2Fv2%2Fproduct_tag&post=1877"}],"curies":[{"name":"wp","href":"https:\/\/api.w.org\/{rel}","templated":true}]}}